= -r**3 + 2*r**2 + 2*r + 1. Let u be d(3). Let k(c) = -27*c**3 - c**2 + c - 2. Let q be k(u). Is q + (-4)/((-8)/6) composite?
False
Let k(j) = j**2 - 4*j + 3. Let n be k(6). Let q(y) = 4*y**2 + 12*y - 3. Is q(n) composite?
True
Let m = -1511 - -3564. Is m a prime number?
True
Suppose -2*a + 67 = -3*k - 0*k, -5*a = k + 11. Is 63/6*(-70)/k a prime number?
False
Let r = 29216 - 20527. Is r a composite number?
False
Let t(u) = u**2 - u. Let k be t(0). Suppose c + k*c = 3. Suppose -c*q + 44 = q. Is q a composite number?
False
Let p = -4070 + 6097. Is p a prime number?
True
Suppose -4*i = -9*i. Suppose 4*c - 304 - 276 = i. Is c a prime number?
False
Let d(r) = 25*r**3 + 3*r**2 - 25. Is d(4) a prime number?
False
Let i be (59/2)/((-1)/(-44)). Suppose 5*c = 2*s + i, -2*c - 5*s = c - 754. Suppose 1313 - c = 5*z. Is z prime?
True
Let w = -8981 + 34678. Is w prime?
False
Let y = 46 + -43. Suppose -r + 4604 = y*r. Is r prime?
True
Suppose -6*p + p + 2287 = 2*h, 3*p = 5*h - 5764. Is h prime?
True
Suppose 0 = -h - 2*m - 5, -2*h + 0*m = -3*m - 25. Suppose -7626 + 2321 = -h*c. Is c a prime number?
True
Let y = 35 + -91. Is ((-658)/y)/(-1 + (-18)/(-16)) composite?
True
Let g = 594 + 724. Suppose -8*a = -g - 2226. Is a a prime number?
True
Let q(m) = -m**3 - 3*m**2 + 5*m - 32. Let t be q(5). Let j = -76 - t. Is j composite?
False
Is ((-110)/(-50))/(5/34025) a prime number?
False
Let q be (-8 + 1 - -4) + 31. Let w = q + -30. Is 3/(-6) + (-747)/w a composite number?
False
Suppose -2307 = -5*q - 62. Suppose 5*z + q + 31 = 0. Let t = -65 - z. Is t a prime number?
True
Let u(n) be the second derivative of n**5/5 + n**4/3 + n**3/2 - 3*n**2/2 + 11*n. Is u(2) prime?
False
Let r(u) = u + 15. Let l be r(-14). Let i(y) = -y**2 + l + 3*y - 2*y - 146*y**3 + 0*y. Is i(-1) composite?
True
Suppose -100*v - 29065 = -105*v. Is v composite?
False
Suppose -6640 = 7*w - 24105. Suppose -n = 0, f - 3*n + 178 - w = 0. Is f a composite number?
True
Is (10/(-3))/5 + 25712/48 a composite number?
True
Suppose c - 5*v = -7*v + 624, -2*v + 10 = 0. Is c a composite number?
True
Let w(p) = 1177*p**2 + 5*p - 7. Is w(2) prime?
False
Suppose 4*o + 37 = 9. Let m be (8 + o)*(1 + 3). Suppose a - 437 = -p, -1750 = -4*a + p - m*p. Is a prime?
True
Let p be (-18)/(-5) + (-2)/(-5). Let h be 5/20 - (-131)/p. Suppose -2*m - c + 34 = -h, -2*m = 2*c - 68. Is m prime?
False
Suppose b - 5*q = -3*b + 11, 0 = 2*b - 5*q - 3. Suppose -b*r + 969 - 125 = 0. Is r a prime number?
True
Let x be (-2065)/(-25) - 3 - 6/10. Suppose 5*b - 127 = 68. Suppose o = x + b. Is o prime?
False
Let h(j) = -j - 1. Suppose 9*y - 4*y = -5. Let k be h(y). Suppose -4*o + 0*z + 210 = 3*z, k = -2*o + z + 100. Is o composite?
True
Suppose -5*z - 39 = 2*o, 0 = -4*o + z - 29 - 16. Let h be (0 - o/4) + -3. Suppose -4*b + b + 327 = h. Is b prime?
True
Suppose 12*z - 17*z = -15395. Is z a prime number?
True
Suppose -26954 = -2*q - 3*n, -88*q + 83*q = -2*n - 67347. Is q prime?
False
Suppose 30*p = 28*p + 46798. Is p a composite number?
False
Let o(h) = -166*h - 109. Is o(-22) prime?
False
Suppose -3*m - 10 - 5 = -j, 10 = j - 2*m. Suppose 3*v + j*b + b - 33 = 0, -b = 0. Suppose -6*c = -v*c + 515. Is c prime?
True
Let t(n) = 1195*n + 188. Is t(15) a prime number?
False
Let y = 7242 + 6209. Is y prime?
True
Let i = 1 - 1. Let v(r) = 10*r**2 - r + r**3 + i - 3 + 0*r + 6. Is v(-5) a composite number?
True
Let w(u) = 28*u - 33. Is w(4) prime?
True
Let a(l) = l**3 + 4*l**2 + 4*l - 1. Let v be a(-3). Let u be (v/(-8))/(1/8). Suppose 2*h + 5*r - 115 - 1037 = 0, 0 = -5*h + u*r + 2913. Is h a composite number?
True
Let g be 2 - -1 - (-1 - -4). Suppose g*n = -4*n + 508. Is n prime?
True
Let b(d) = -d**3 + 29*d**2 + 5*d + 29. Is b(22) composite?
False
Let z(v) = v + 5. Let o be z(-6). Let i(g) = -43*g**3 - 2*g - 1. Let q be i(o). Suppose -191 = -5*u + q. Is u composite?
False
Suppose -25 = -5*w, -3*w - w - 1507 = -v. Is v a prime number?
False
Let z(q) = -3 - 4*q**2 + 2*q**2 - 4*q + 0*q**3 + 4*q**3. Is z(7) a composite number?
True
Suppose -16*w = -15*w - 6239. Is w composite?
True
Is (-40)/16*195060/(-50) composite?
True
Let t = 352 - -439. Suppose -5*i = 2*d - t, -d - d = i - 163. Is i prime?
True
Suppose 44 = -3*r + 5*y, -5*y = -4*r - y - 48. Is (8185/(-10))/(4/r) prime?
True
Is 2*(8 - (-92185)/10) a prime number?
False
Suppose -2*f + 4*f = -2*f. Suppose r + 3*w - 657 + 113 = f, -r + 4*w = -509. Is r composite?
True
Let n(m) = 123*m - 3. Let q be n(-2). Is (q/4)/((-18)/72) a composite number?
True
Suppose -10 + 26 = 4*w. Suppose -w*o + 507 = -o. Let a = -102 + o. Is a composite?
False
Let o = 292 - 483. Let w = o - -417. Suppose m + 2*y - 111 = 0, 2*m = -0*m - 2*y + w. Is m a prime number?
False
Suppose -186954 = -127*s + 121*s. Is s composite?
False
Let o = 94590 + -49973. Is o composite?
False
Let g be -1 + 3 + 4*1. Let i be ((-9)/(-3))/(g/678). Let w = 562 - i. Is w composite?
False
Let m(y) be the first derivative of y**4/2 - 10*y**3/3 + 13*y**2/2 + 9*y - 32. Is m(8) prime?
False
Let l(k) = 36*k**2 + 26*k - 43. Let o(n) = -5*n - 10. Let s be o(-4). Is l(s) prime?
False
Let h(s) = 22*s - 31. Is h(12) prime?
True
Let n be 4/16 + ((-36)/16 - -4). Suppose 0 = n*m + 2*m - 19484. Is m composite?
False
Let y = 5970 + -511. Is y composite?
True
Let x(m) = m - 3. Let b be x(-4). Let p(f) = 17*f - 3. Let t(s) = 1. Let k(n) = -p(n) + 5*t(n). Is k(b) a prime number?
True
Let k(f) be the second derivative of 4*f + 47/6*f**3 - 4*f**2 + 0. Is k(7) a prime number?
False
Suppose 363 = y + 102. Let i = y - -134. Is i prime?
False
Let x(f) = -9773*f - 272. Is x(-5) a prime number?
True
Suppose -2*u + 35 = 2*u - z, 2*z - 2 = -u. Suppose 0 = u*g - 9*g - 4. Is 469 - (g - (0 + -4)) a composite number?
True
Let k be 1/3 - (-4)/6. Let c be (k + -3 - 0) + 9. Is 1143/c + 2/(-7) a composite number?
False
Let a be -40 + -3*(-1)/(-3). Let v = a - -94. Is v composite?
False
Suppose y = 5 - 9. Let s be (-46)/(-69) - y/3. Suppose 0 = q + 4*h - 359, -q = s*q - 5*h - 1162. Is q a composite number?
False
Suppose 0 = 5*w - 5*t - 3495, 5*w - 2*w + 2*t = 2107. Is w composite?
False
Suppose -3*q - 3*k = -7*k - 314, -5*k = -2*q + 200. Let j be ((-792)/15)/((-3)/q). Is (-2)/(-5) - j/(-10) a prime number?
False
Suppose 0*s + 3*q = 3*s - 21, 5*s - 20 = 2*q. Let b be (0*2/6)/s. Suppose 3*m - 807 = -b*m. Is m prime?
True
Suppose 5*j - 1490 = -3*y, -5*j + 1490 = 2*y - 7*y. Let a = 615 - j. Suppose -f + 0*f = -a. Is f a prime number?
True
Suppose 4*x - 2 = 5*m + 2, 2 = -m + 2*x. Suppose 3*u = 5*d - m*u - 3362, -5*d + u + 3364 = 0. Is d a prime number?
True
Let r(s) = -10 + 1 + 56*s - 10. Is r(6) a prime number?
True
Let a = -2 + 4. Suppose a*y = -3*f + 20 + 975, 5*y + 309 = f. Is f composite?
True
Suppose -z - 2*j - 504 = 2*z, 4*j = -12. Suppose -342 = -g - 5*p, -g + 2*p = p - 324. Let k = g + z. Is k composite?
True
Is ((-1036)/(-28))/((-1)/(-17)) composite?
True
Let b = 40462 - 25969. Is b a composite number?
True
Let v(h) = -5*h + 63*h**2 + 81*h**2 + 158*h**2 - 4. Is v(-3) a prime number?
True
Suppose 4*h = 3*l - 7*l + 8, 3*l = h + 6. Suppose 2*f + 4*f + 90 = h. Let p(d) = -51*d - 22. Is p(f) a prime number?
True
Suppose -9745 = -5*u + 5*k, -3*u = -7*u - 5*k + 7796. Is u prime?
True
Suppose 5*z + 2660 = 3*z. Let h = 2348 + z. Is h composite?
True
Let b be ((-28)/6 + 2)*-3. Suppose 0 = -4*v - 16 - 0. Is 1882/b - (-1)/v prime?
False
Suppose -4*v - 18 = -18. Suppose v*u = -5*u + 4325. Is u a composite number?
True
Let q(m) = -2*m**2 + m**3 + 43 + 3*m**2 + 0*m**2. Let u be q(0). Let y = u - -114. Is y a prime number?
True
Let d be 0*(-3)/6 - -14. Suppose -w - d = -16. Is (-4 - 255)/(w - 3) a prime number?
False
Let m = 5185 - 1218. Is m a prime number?
True
Let y be (2 + 1 + -1)*(-2)/(-4). Is 0 + y + 1 + 111 prime?
True
Suppose -51304 + 2262 = 2*m. Is m/(-63) - 4/18 prime?
True
Suppose f - 2420 = 2*g, -5*g + 2*f - 1871 = 4180. Let x = g + 2020. Is x composite?
False
Suppose 0 = 8*u - 152 + 32. Is (-5)/(u/(-33))*101 composite?
True
Let c be 0/(-1) + -18 - -3. Let k = c + 17. Is -478*(k - (-15)/(-6)) a composite number?
False
Suppose -5*v + 1324 = -v. Is v a prime number?
True
Let c = 6064 + -722. Is c composite?
True
Let l(f) = 478*f**2 - 2*f + 17. Let t be l(6). Suppose -53*j = -60*j + t. Is j 